v**2 + 0*v**2 + 2. Let r(g) = -g**2 + 5*g**2 - 2*g - 3*g**2 - 2*g + 4. Let w be r(3). What is t(w)?
-2
Suppose 0*v = -3*x - 3*v - 3, -x + v + 7 = 0. Let d(r) = 3*r**2 - 3*r**3 + 2*r**x + 3 - r**2 - 5*r**2. Give d(-3).
3
Suppose 0 = 3*b - t - 16, 0 = -t + 4 + 1. Let l = b + -12. Let i(j) = j**3 + 5*j**2 + j + 2. Give i(l).
-3
Let s(f) = f**3 + 2*f**2 + 2*f + 2. Suppose -y = -1 - 3. Let n = y + -6. Determine s(n).
-2
Suppose 0 = -q + 2*q + 3. Let r = -2 - q. Let u(v) = -4*v**2 + v**2 + 0*v**2 + v. Determine u(r).
-2
Let v(t) = 1 + 2 + 2*t - 5*t + 5*t. Determine v(-2).
-1
Suppose 2*z = 9 - 1. Let m(l) = 1 + l**3 - 3*l + z*l + 0*l. Let g = 3 - 4. What is m(g)?
-1
Let k(s) = -s - 4. Suppose 0*c - 5*c = 20. What is k(c)?
0
Let s(i) = -19 + 17 + 3*i**3 - 4*i**3. What is s(-2)?
6
Let o(i) = i**3 - 5*i**2 + 2*i - 1. Let f be (-138)/(-30) - 3/5. Let s be (-4 - -2)*(-6)/f. Calculate o(s).
-13
Suppose 3*q - 3*w = -2*q + 6, 2*q + 4*w = 18. Let f(h) = h**2 - h**3 + 0*h**q - 1 - h + 2*h**3. Let y = -14 + 13. Calculate f(y).
0
Suppose -k = -4*y, -4 + 2 = -k + 2*y. Suppose -2*q + 5*g - 4 = 0, 2*q - 2 = 5*g - 3*g. Let a(c) = -3 - 3*c**2 + q*c**2 - c**2 + 5*c. Determine a(k).
1
Let f(v) = v + 6. Let y be f(-3). Let t(k) = y + k**2 + 4*k - 2*k**2 + 1. Let l(b) = 3*b**2 + 1. Let s be l(1). What is t(s)?
4
Let d be (-2)/4 - 3/((-6)/7). Let b(i) be the third derivative of i**4/8 + i**3/2 + 2*i**2. What is b(d)?
12
Let i = -17 + 21. Let y be ((-6)/4)/(i/8). Let d(u) = -u**2 + 4. Calculate d(y).
-5
Let b(l) = 2*l - 1. Let u(g) = g + 4. Let q be u(-3). Let f = q + -1. Suppose -i + 4 = -d - f, d = -4*i + 16. Calculate b(i).
7
Let q(v) = v**3 - 5*v**2 + 6*v - 2. Suppose -25*i + 23*i + 8 = 0. Give q(i).
6
Suppose -11*k + 36 = -17*k. Let h(u) = -u**2 - 7*u + 1. What is h(k)?
7
Suppose 0 = i - 5*k + 24, -27 - 5 = 5*i - 3*k. Let w(q) be the first derivative of -1/2*q**2 + 0*q + 1. Determine w(i).
4
Let l(i) = 3*i**2 - 4*i - 6. Let v(f) = -2*f**2 + 3*f + 4. Let q(x) = 5*l(x) + 7*v(x). Let r(b) be the first derivative of q(b). Give r(2).
5
Let b be 4/(-10) - 92/20. Let d(s) = -s**3 - 4*s**2 + 3*s - 3. Let i be d(b). Suppose -3*k + i*k = -12. Let m(j) = 2*j - 3. Calculate m(k).
-9
Let x(v) = 6*v**2 + v - 3 - v - 5*v - 6*v. Let n be (1 - 0)/((-4)/(-20)). Let g(i) = -i**2 + i + 1. Let m(w) = n*g(w) + x(w). Determine m(4).
-6
Let x(f) = -2*f**2 - 9*f**2 - f**3 + 7 + 0*f**2. Let h be x(-11). Let q(v) = 2*v - 9. Give q(h).
5
Let p(k) = 9*k - 3. Let g(c) = -3*c + 1. Let t(s) = -7*g(s) - 2*p(s). Suppose 3*y - 12 = -y. Determine t(y).
8
Let h = 14 + -15. Let u be 4 - (0/h)/(-1). Let x(p) = -2*p + 6. Determine x(u).
-2
Let o = -1 - -8. Let r(j) = j**3 - 7*j**2 - j + 1. Calculate r(o).
-6
Let d be -1 - (-8 - 0)/2. Suppose 2*v + 10 = -d*v. Let c(i) = 5*i**2 - 3*i - 3. Let f(g) = -8*g**2 + 3*g + 3. Let u(y) = -3*c(y) - 2*f(y). Calculate u(v).
1
Let g(w) = w**2 - 5*w. Let c(f) = 5*f**2 + 3*f - 2. Let t be c(1). Calculate g(t).
6
Let b(d) = d**2 - 6*d - 3. Let g be b(6). Suppose 0*m = -3*m + 12. Let j(v) = -2*v + m + 0*v + 2*v**2 + 0 + v**3 + v. What is j(g)?
-2
Let d(x) = -x**2 + x - 8. Suppose 5*o = 4*b - 28, -o - 2 = 2. Let h be 0 - (-1)/((-1)/(-3)). Suppose -p - h = 2*q, b*q - 4*p = 7 + 5. Give d(q).
-8
Let g(d) = -2 - 3 + 5 + d. Determine g(-6).
-6
Suppose 0 = -a + 6*a - 5. Let g(c) = -3*c + 1. Give g(a).
-2
Let t be -2*7*16/(-56). Let j(s) = -s**2 + 5*s. What is j(t)?
4
Let r(z) = -z + 3*z + z - 2*z. Suppose -a - 1 + 5 = q, a - 9 = 4*q. Let j(w) = -w - 1. Let t(u) = q*j(u) - 4*r(u). Give t(3).
-8
Let z = -89 + 86. Let q(n) be the third derivative of -1/2*n**3 - 1/24*n**4 + 0*n + 0 + n**2. Calculate q(z).
0
Let p(j) = -j**2 + 2*j + 4. Let q(o) = -2*o - 12. Let s = -8 - -13. Suppose -a = s*r - 3*r + 16, 3*a + 5*r + 44 = 0. Let k be q(a). Determine p(k).
-4
Let z = -14 - -8. Let y(n) = 4*n + 15. Let o(g) be the third derivative of g**4/8 + 7*g**3/3 + 2*g**2. Let a(j) = -3*o(j) + 2*y(j). Determine a(z).
-6
Let l(v) = -v**2 + 5*v + 1. Let w = 1 - -1. Let m(f) = f**3 + 2*f**2 - 3*f. Let a be m(w). Let z be (-1 - 1)*a/(-4). What is l(z)?
1
Let v(m) be the third derivative of -11*m**7/2520 + m**6/720 + 5*m**4/24 + 3*m**2. Let y(q) be the second derivative of v(q). Calculate y(-1).
-12
Let a(i) = 4*i + 11. Let z(k) = -2*k - 5. Let g be 2/8 - (-140)/16. Let m(c) = g*z(c) + 4*a(c). Let u = -7 + 10. Calculate m(u).
-7
Let n = 0 + 8. Suppose 5*a - n = 7. Let d(i) = 6*i - 3*i**2 - 4*i + i - i**a - 3. Determine d(-4).
1
Let y = 13 + -12. Let q(h) = -4*h**3 - 2*h + 1. Determine q(y).
-5
Let c(b) = -b**3 - 5*b**2 - 2*b - 7. Let g be (80/(-32))/((-1)/(-2)). Determine c(g).
3
Suppose -3*h - 18 = -3*w, -3*w - 5*h = w - 6. Let v(m) = 7 + 1 - w + 4 - m. Give v(4).
4
Let q(v) be the second derivative of -v**4/12 + 5*v**3/6 - 3*v**2 + 7*v. Calculate q(4).
-2
Suppose 25 = 5*o, 5*b - 25 + 65 = 2*o. Let i(u) = 2*u + 14. Calculate i(b).
2
Let o(t) = 4 - t + t**3 + 11*t**2 - 8*t**2 + 0. Calculate o(-4).
-8
Let y(i) be the second derivative of 1/6*i**4 + 0 - 1/3*i**3 + 2*i - 1/60*i**5 - 3/2*i**2. Let k(u) be the first derivative of y(u). Calculate k(4).
-2
Let g(b) = -5*b**3 - 17*b**2 - 7*b + 4. Let a(z) = 2*z**3 + 8*z**2 + 4*z - 2. Let i(m) = 7*a(m) + 3*g(m). Calculate i(6).
4
Let l(o) = 2. Let p(h) = -h**2 + 8. Let x(b) = -7*l(b) + 2*p(b). Suppose 3 = -g + 9. Suppose -2*w = -g, 5*y = -4*w + 4 - 2. What is x(y)?
-6
Let y = 4 - 2. Let g be ((-12)/(-9))/(y/3). Let a(s) = s**2 - 3*s - g*s**2 + 2*s. Give a(-3).
-6
Let o(w) = 15*w**2 - 6. Let v be o(5). Let g be (-1)/(-8) + v/(-72). Let q(r) = -r**3 - 6*r**2 - 3*r + 4. What is q(g)?
-6
Suppose -3 = -m - 3*h, 2*h = -3*m + 2*m + 3. Suppose -20 = 2*b + m*b. Let x(o) = o - 5. Let n(y) = -1. Let i(a) = -4*n(a) + x(a). Give i(b).
-5
Let l(s) = -s - 2. Suppose -5*j + 20 + 5 = 0. Determine l(j).
-7
Let u(s) = -s. Suppose 2*g = 5*g + 15. Determine u(g).
5
Let u(h) = h**3 - h**2. Suppose 4*k + 5*p = 3*k + 10, -p - 19 = -4*k. Suppose 2 = -z - i, k*i + 14 = -z - 0*z. Determine u(z).
0
Let l(c) = 3*c + 1. Suppose g + 4*y = 6, 2*y + 4 + 2 = -5*g. Let z be l(g). Let r(u) = -u**3 - 6*u**2 - 5*u - 6. Determine r(z).
-6
Suppose 6 = -2*h + 2. Let g(a) = a**3 + 2*a**2 + 2. Calculate g(h).
2
Let u(b) = b**2 - 6*b + 3. Let i be 2/(-8) - 9/(-4). Let c be ((-10)/(-4))/(i/4). Suppose -q + 18 = 3*g + 2*q, 5*q + 10 = c*g. Calculate u(g).
-5
Let g(b) be the second derivative of b**4/12 + 5*b**3/6 - 7*b**2/2 + b. Give g(-6).
-1
Let h(t) = -t**2 - 4 - 2*t + 7*t - 2. Let u(r) = -r**3 - 2*r**2. Let m be u(-2). Suppose m = -4*a - 9 + 25. What is h(a)?
-2
Let v(f) = -f**2 + f + 2. Let y be (-18)/((-1*3)/3). Suppose -g = 4*n - 7, -2*n - y + 4 = 4*g. Let o = 8 + g. Give v(o).
-4
Let o = -7 + 12. Let z(u) = -3*u**3 + 19*u**2 + 18*u + 13. Let f(w) = 2*w**3 - 13*w**2 - 12*w - 9. Let i(q) = -7*f(q) - 5*z(q). What is i(o)?
-7
Suppose 8*i = -2*i + 20. Let c be -3*(-2)/3 - -1. Let s(b) = -c + 3 + 3*b. Give s(i).
6
Let q(y) be the second derivative of y**3/6 - 6*y**2 + 2*y. Let s be q(8). Let p(d) be the first derivative of -d**3/3 - 3*d**2 - 5*d - 2. What is p(s)?
3
Let x(y) = y**3 - 6*y**2 - 7*y + 4. Let g = -2 + 0. Let p = g - -9. Let o be x(p). Let z(l) = -l**2 + 4*l + 2. Determine z(o).
2
Suppose -5*g + 3*k - 15 = 0, g - 3*k + 1 = -2. Let n(m) be the second derivative of -m**4/12 - m**3/6 - m. Calculate n(g).
-6
Let w = 2 - 3. Let v(s) = -13*s - 2. Let q(u) = 19*u + 3. Let z(j) = -5*q(j) - 7*v(j). Give z(w).
3
Let r(t) = 5*t**3 + 5*t**2 + 9*t - 1. Let c(z) = 14*z**3 + 15*z**2 + 27*z - 4. Let a(d) = 6*c(d) - 17*r(d). Calculate a(6).
11
Let a be (-7 + 2)*1 + 3. Let z(h) = -3*h + 1. What is z(a)?
7
Let p(g) = 1. Let r(f) = f - 10. Suppose -4*c + c - 3*l - 18 = 0, 0 = 3*l + 15. Let w(j) = c*p(j) - r(j). What is w(5)?
4
Let s(h) = 12*h**2 - h - 1. Let i = 94 - 95. Calculate s(i).
12
Let q(p) = 3*p**2 - 5*p - 5. Suppose -d = -3*d + 4. Let s(r) = -5*r**d + 0*r**2 + 8 + 0*r + 8*r. Let u(c) = -8*q(c) - 5*s(c). What is u(0)?
0
Let k(x) = -6*x - 1. Let j(b) = b + 1. Let p be j(6). Let h(c) = 18*c + 3. Let w(z) = p*k(z) + 2*h(z). Suppose d + 5*v + 8 = 2, -4*d = 3*v + 7. What is w(d)?
5
Let a(o) be the third derivative of o**4/24 + 7*o**3/6 - o**2 - 12. Determine a(6).
13
Let m(b) = b - 2. Suppose 0*z + 12 = 3*z. S